-4 + 4 - -51 - 5. What are the prime factors of 3/((-3)/l)*-2?
2, 23
What are the prime factors of 1 + ((-63820)/(-60) - (-1)/3)?
3, 5, 71
List the prime factors of ((-108)/(-81))/((-8)/(-1434)).
239
Let q(i) = -i**2 + 8*i - 12. Let x be q(7). Let k(u) = -21*u - 6. Let m be k(x). Suppose 2*o = -o + m. What are the prime factors of o?
3, 11
Let b(g) = -g**2 - 8*g - 4. Let h be (-24)/4 - (2 - 1). Let u be b(h). What are the prime factors of (1/4)/(u/348)?
29
Let i(v) = -6*v**3 + 2*v**2 - 2*v - 2. Let b be (4/1)/(1 - -1). Let w be i(b). Let m = 77 + w. List the prime factors of m.
31
Let s(n) = -3*n - 6. Let o be s(-3). What are the prime factors of o*(0 - (-28)/(-24))*-2?
7
Let n = -3 + 3. Suppose -5*b + o + 50 = n, -2*b + 6*b - 2*o = 40. Let i(t) = t**2 - 8*t - 4. List the prime factors of i(b).
2
